1 = -q + 113, -4*f = -5*q + g. What are the prime factors of q?
3, 47
What are the prime factors of 5 - -2 - 201300/(-20)?
2, 1259
Suppose -6*r + 14143 + 70499 = 0. What are the prime factors of r?
14107
Suppose -4*d - j - 75 + 222 = 0, 93 = 3*d - 5*j. Let f(w) = -w**2 + w + 241. Let a be f(15). Suppose -d*c = -a*c - 855. List the prime factors of c.
3, 19
What are the prime factors of (1828/10*2)/(42/735)?
2, 7, 457
List the prime factors of 179 + 12587 - 1*14.
2, 797
Suppose 4*j + 11*j = 500000 + 423895. What are the prime factors of j?
3, 7, 419
Suppose 0 = 2*q - 2*b - 32892, -3*b + 19801 + 62421 = 5*q. What are the prime factors of q?
5, 11, 13, 23
Let x(i) = 2*i**2 - 17*i + 23. Let s be x(6). What are the prime factors of (s - -11)/12 + 5860/6?
977
Let x(t) be the first derivative of -87*t**2 + t + 141. What are the prime factors of x(-1)?
5, 7
Suppose -468772 = -119*i - 117960. What are the prime factors of i?
2, 11, 67
Let b(v) = v**3 - 9*v**2 - 5*v + 1. Suppose n = 5*a + 2 - 16, -4*n = 4*a - 64. List the prime factors of b(n).
2, 47
Let t(h) = h**3 - 29*h**2 - 23*h + 36. Let m be (-60)/((-117)/65 - 1/5). List the prime factors of t(m).
2, 3, 41
Let c(a) = -a + 26. Let i be c(12). Let s(m) = 3*m**2 - 42*m - 2. Let d be s(i). What are the prime factors of (d - (-148 + 0)) + -3 + 1?
2, 3
Let l = 127 - 29. Suppose 0 + l = 7*g. List the prime factors of g.
2, 7
Let d = -117 + 72. Let f = 55 + d. Suppose 0 = 5*x - f*x + 985. List the prime factors of x.
197
Suppose -g + 5*b + 11066 = -11512, 2*g - 45156 = -4*b. List the prime factors of g.
2, 3, 53, 71
Let u = -28167 - -63337. What are the prime factors of u?
2, 5, 3517
What are the prime factors of 1096 + 15 + -9 - -3?
5, 13, 17
Let q = 36531 - 25077. List the prime factors of q.
2, 3, 23, 83
Suppose 160269 = 18*c - 170067. Suppose 33*z - 17*z = c. List the prime factors of z.
31, 37
Let x = 22 + 426. Suppose -5*g - 153 = -l + x, 0 = -2*g - 8. List the prime factors of l.
7, 83
Let a(r) be the second derivative of 51*r**4/4 - 7*r**3/6 - 6*r**2 - 67*r. List the prime factors of a(-2).
2, 307
Suppose -u + 30076 = -t, 33 = -2*t + 37. List the prime factors of u.
2, 3, 557
Let u(r) = -13*r - 132. Let h be u(-30). Let z(w) = 38*w - 5. Let v be z(-4). Let s = v + h. List the prime factors of s.
101
Let f(z) = 13510*z**3 - 4*z**2 + 5*z. List the prime factors of f(1).
59, 229
Suppose 5*q + 5331 = 3*t - 1162, -5*q = -20. List the prime factors of t.
13, 167
Let u(h) be the first derivative of -7 - 14*h + 1/3*h**3 + h**2. List the prime factors of u(-11).
5, 17
Suppose -4*q = h + 25, -4*q = -6*q + 5*h - 29. Let y = q + 19. What are the prime factors of y/(-3) + 0 - -61?
3, 19
Suppose 9*k = 12*k - 6. Let c be 8/7 + 3*k/(-42). Suppose -4*l - c = -205. What are the prime factors of l?
3, 17
Suppose -2*x = -7*w + 4*w + 5, 0 = 4*x - 4*w + 4. Suppose 0 = 217*o - 225*o + 352. Suppose 0*f = x*f - o. List the prime factors of f.
2, 11
Let j(f) = -9*f**3 - 69*f**2 - 32*f + 127. Let x(h) = -5*h**3 - 34*h**2 - 16*h + 64. Let d(q) = 4*j(q) - 7*x(q). List the prime factors of d(-38).
2, 167
Let o = -11151 - -22604. What are the prime factors of o?
13, 881
Let c(g) be the second derivative of -18*g - 1/20*g**5 - 3*g**2 + 1/6*g**4 + 7/6*g**3 + 0. What are the prime factors of c(-4)?
2, 31
Suppose 0 = -2*n - 2*n + 8. Suppose -n + 2 = -5*u. Suppose 0 = 3*f - u*f - 186. List the prime factors of f.
2, 31
What are the prime factors of (-6 + (-10 - 13))*(3 + -36)?
3, 11, 29
Let y(o) = -o**3 - 4*o**2 + 4*o - 3. Let d = -29 - -24. Let s be y(d). List the prime factors of (s + -6 - 2)/(6/(-28)).
2, 7
Let y(t) = -4*t + t**2 + 7 + 0*t**2 - 19*t - 29. Let o be y(24). List the prime factors of 54*-1*(-7)/o + 3.
2, 3
Let a = -8050 + 18755. List the prime factors of a.
5, 2141
Let s be 3/(-2) - 1080/(-16). Suppose -5*h - 4*n + s - 7 = 0, h = -5*n + 16. List the prime factors of h.
11
Suppose 0 = 7*o - 19*o + 4452. Let u = o + 51. What are the prime factors of u?
2, 211
Let x be ((-6)/4)/(2*9/(-708)). Suppose x = n - 30. Suppose -5*a = -311 - n. List the prime factors of a.
2, 5
Suppose -k - 14 = -3*c, 9*c - 8*c + 3*k - 8 = 0. Suppose -3*x + c*n - 4*n + 1852 = 0, -4*n = -x + 632. List the prime factors of x.
2, 7, 11
Suppose 939 + 801 = 5*d. Let a = d + -246. List the prime factors of a.
2, 3, 17
Let x(z) = -1664*z + 2813. What are the prime factors of x(-5)?
3, 1237
Suppose -5*y + i + 74 - 4406 = 0, -y - 2*i = 862. Let c = y + 1229. What are the prime factors of c?
3, 11
Suppose 187068 = 32*n + 41788. What are the prime factors of n?
2, 5, 227
Suppose -d - 2443 = 2023 - 21413. What are the prime factors of d?
3, 7, 269
Let m(p) = -2*p**2 + 12*p - 2. Let s be 1 - (-3 - (1 + 0)). Let t be m(s). What are the prime factors of (t/4)/1*(-199)/(-2)?
199
Let h(k) = 2 + 150 + 27*k + 34 - 19. What are the prime factors of h(9)?
2, 5, 41
Let k(l) = -l**2 + 21*l - 4. Let u be k(21). Let c = u - -4. What are the prime factors of (c + -4 + 3)/(2/(-88))?
2, 11
Suppose 11*s + 2090 = 6*s. List the prime factors of 3/(-9) - s/3.
139
Let j(f) = -f**3 + 3*f**2 - 4*f + 4. Let v be j(4). Let l = -14624 - -14701. Let d = l - v. What are the prime factors of d?
3, 5, 7
Suppose 49*i = i + 434400. List the prime factors of i.
2, 5, 181
Suppose -a = -3*t + 4787, 4*a - 1536 = -t + 77. List the prime factors of t.
1597
Let v(y) = 56*y**2 + 30*y + 131. List the prime factors of v(-19).
19777
Let h = -478 - -4088. List the prime factors of h.
2, 5, 19
Let g = -22 - -67. What are the prime factors of ((-3132)/g)/((-2)/10)?
2, 3, 29
Let y be 5/(-2) + (-40)/(-80). Let a(w) = 17*w + 5. Let z be a(4). List the prime factors of (z/2 + 3)*(y + 6).
2, 79
Let l = -54386 + 91077. What are the prime factors of l?
36691
Suppose 0 = 4*o - 4*b - 85500, 3*o - 22*b = -17*b + 64111. List the prime factors of o.
2, 10691
Let x(c) = c + 457. Let f be x(0). Let l = 267 - -185. Suppose -4*d = 5*o - d - l, -5*o + 2*d + f = 0. What are the prime factors of o?
7, 13
Let c = 134 + -59. Let y = c + -23. Let k = 74 - y. List the prime factors of k.
2, 11
List the prime factors of 111970/4*(12 + (-638)/55).
11197
Let g(t) = 2*t**3 + 13*t**2 + 4*t - 3. Let s be g(-6). Suppose -3358 = s*z - 14*z + 4*c, -2*z + c = -1345. What are the prime factors of z?
2, 337
Suppose -14018 = 31*z - 113807. List the prime factors of z.
3, 29, 37
What are the prime factors of ((-1098)/4 - -3)*(-18370)/165?
167, 181
Let l(u) = 37*u**3 + u**2 - 6*u + 5. Let j be l(3). Suppose -5*c + 6*q - q + j = 0, c + 2*q - 211 = 0. List the prime factors of c.
7, 29
Let x = 7612 - 1521. List the prime factors of x.
6091
Suppose -262*n = -1110191 - 3290682 + 585105. List the prime factors of n.
2, 11, 331
Let f = 621 - 346. Suppose f = 11*q - 6*q. What are the prime factors of (q/15 - 5)*-147?
2, 7
Let l(m) = 311*m**3 + 4*m**2 - 2*m. Let v be l(1). Suppose 1883 = 4*a - 5*o, 4*a - 1578 - v = -3*o. Let q = a - 246. List the prime factors of q.
2, 113
What are the prime factors of (1 - -128)/(38/((-50464)/(-12)))?
2, 43, 83
Let q = 511 - 359. Suppose 0*p = -5*v + 2*p + 264, -3*v + q = 2*p. List the prime factors of v.
2, 13
Let m(y) be the third derivative of -y**6/120 - y**5/15 - 2*y**4/3 + 3*y**3/2 - 178*y**2. What are the prime factors of m(-13)?
2, 11, 79
Let m = 46 - 42. Let s be (-74 - 1) + (-5)/(1 + m). Let h = s + 159. List the prime factors of h.
83
Suppose 8*b - 395 = 7*b. Suppose -1393 = -6*s + b. List the prime factors of s.
2, 149
Suppose 20*u = -2*b + 24*u - 24, 2*b - 2*u + 18 = 0. Let x(l) = -5*l**2 + 6*l - 6 - 2*l**3 - 13 + 6. List the prime factors of x(b).
7, 29
List the prime factors of 19960 + ((0 - -1)/2)/(14/(-84)).
7, 2851
Suppose 132*a - 130*a = o - 63850, -3*a = 2*o - 127637. What are the prime factors of o?
2, 79, 101
Let q(z) = 2*z**2 + 14*z - 44. Let h be q(-14). Suppose 150*k = h*k. Suppose 4*o + 3*r - 56 = k, o - 2*r = 2*o - 9. What are the prime factors of o?
17
Suppose -3*g = 4*i, -g + 3 = 2*i + 1. Suppose -3*s + 78 = -i*l, -3*s - 2*s + 132 = -4*l. Suppose 108 = -24*o + s*o. List the prime factors of o.
3
Let s(n) = -4310*n**3 + 2*n + 2. List the prime factors of s(-1).
2, 5, 431
Suppose -8 = 4*g - 104. Suppose g*h = 25*h + 56. What are the prime factors of (-9 - -6)*2/6*h?
2, 7
What are t